{"id":83,"date":"2022-01-13T03:16:32","date_gmt":"2022-01-13T03:16:32","guid":{"rendered":"https:\/\/cetprofeyalegria61.edu.pe\/?page_id=83"},"modified":"2025-08-25T23:00:58","modified_gmt":"2025-08-25T23:00:58","slug":"nosotros","status":"publish","type":"page","link":"https:\/\/cetprofeyalegria61.edu.pe\/index.php\/nosotros\/","title":{"rendered":"Quienes somos"},"content":{"rendered":"\t\t<div data-elementor-type=\"wp-page\" data-elementor-id=\"83\" class=\"elementor elementor-83\">\n\t\t\t\t\t\t\t\t\t<section class=\"elementor-section elementor-top-section elementor-element elementor-element-25bd84ac elementor-section-content-middle elementor-section-height-full elementor-section-boxed elementor-section-height-default elementor-section-items-middle\" data-id=\"25bd84ac\" data-element_type=\"section\" data-settings=\"{&quot;background_background&quot;:&quot;classic&quot;}\">\n\t\t\t\t\t\t<div class=\"elementor-container elementor-column-gap-no\">\n\t\t\t\t\t<div class=\"elementor-column elementor-col-100 elementor-top-column elementor-element elementor-element-0ee0b4c\" data-id=\"0ee0b4c\" data-element_type=\"column\">\n\t\t\t<div class=\"elementor-widget-wrap\">\n\t\t\t\t\t\t\t\t\t<\/div>\n\t\t<\/div>\n\t\t\t\t\t\t\t<\/div>\n\t\t<\/section>\n\t\t\t\t<section class=\"elementor-section elementor-top-section elementor-element elementor-element-c99e497 elementor-section-boxed elementor-section-height-default elementor-section-height-default\" data-id=\"c99e497\" data-element_type=\"section\">\n\t\t\t\t\t\t<div class=\"elementor-container elementor-column-gap-default\">\n\t\t\t\t\t<div class=\"elementor-column elementor-col-100 elementor-top-column elementor-element elementor-element-8c371e7\" data-id=\"8c371e7\" data-element_type=\"column\">\n\t\t\t<div class=\"elementor-widget-wrap\">\n\t\t\t\t\t\t\t\t\t<\/div>\n\t\t<\/div>\n\t\t\t\t\t\t\t<\/div>\n\t\t<\/section>\n\t\t\t\t<section class=\"elementor-section elementor-top-section elementor-element elementor-element-521ce3ab elementor-section-content-middle elementor-section-boxed elementor-section-height-default elementor-section-height-default\" data-id=\"521ce3ab\" data-element_type=\"section\" data-settings=\"{&quot;background_background&quot;:&quot;classic&quot;}\">\n\t\t\t\t\t\t<div class=\"elementor-container elementor-column-gap-no\">\n\t\t\t\t\t<div class=\"elementor-column elementor-col-50 elementor-top-column elementor-element elementor-element-d6e3f13\" data-id=\"d6e3f13\" data-element_type=\"column\">\n\t\t\t<div class=\"elementor-widget-wrap elementor-element-populated\">\n\t\t\t\t\t\t\t\t<div class=\"elementor-element elementor-element-21df1749 elementor-widget__width-inherit elementor-absolute elementor-widget elementor-widget-image\" data-id=\"21df1749\" data-element_type=\"widget\" data-settings=\"{&quot;_position&quot;:&quot;absolute&quot;}\" data-widget_type=\"image.default\">\n\t\t\t\t<div class=\"elementor-widget-container\">\n\t\t\t<style>\/*! elementor - v3.18.0 - 08-12-2023 *\/\n.elementor-widget-image{text-align:center}.elementor-widget-image a{display:inline-block}.elementor-widget-image a img[src$=\".svg\"]{width:48px}.elementor-widget-image img{vertical-align:middle;display:inline-block}<\/style>\t\t\t\t\t\t\t\t\t\t\t\t<img fetchpriority=\"high\" decoding=\"async\" width=\"2560\" height=\"1707\" src=\"https:\/\/cetprofeyalegria61.edu.pe\/wp-content\/uploads\/2024\/08\/1-2-scaled.jpg\" class=\"attachment-full size-full wp-image-761\" alt=\"\" srcset=\"https:\/\/cetprofeyalegria61.edu.pe\/wp-content\/uploads\/2024\/08\/1-2-scaled.jpg 2560w, https:\/\/cetprofeyalegria61.edu.pe\/wp-content\/uploads\/2024\/08\/1-2-300x200.jpg 300w, https:\/\/cetprofeyalegria61.edu.pe\/wp-content\/uploads\/2024\/08\/1-2-1024x683.jpg 1024w, https:\/\/cetprofeyalegria61.edu.pe\/wp-content\/uploads\/2024\/08\/1-2-768x512.jpg 768w, https:\/\/cetprofeyalegria61.edu.pe\/wp-content\/uploads\/2024\/08\/1-2-1536x1024.jpg 1536w, https:\/\/cetprofeyalegria61.edu.pe\/wp-content\/uploads\/2024\/08\/1-2-2048x1366.jpg 2048w\" sizes=\"(max-width: 2560px) 100vw, 2560px\" \/>\t\t\t\t\t\t\t\t\t\t\t\t\t\t\t<\/div>\n\t\t\t\t<\/div>\n\t\t\t\t<div class=\"elementor-element elementor-element-253f9c2 elementor-widget elementor-widget-image\" data-id=\"253f9c2\" data-element_type=\"widget\" data-widget_type=\"image.default\">\n\t\t\t\t<div class=\"elementor-widget-container\">\n\t\t\t\t\t\t\t\t\t\t\t\t\t\t\t<img decoding=\"async\" width=\"300\" height=\"200\" src=\"https:\/\/cetprofeyalegria61.edu.pe\/wp-content\/uploads\/2023\/06\/MG_0651-300x200.jpg\" class=\"attachment-medium size-medium wp-image-512\" alt=\"\" srcset=\"https:\/\/cetprofeyalegria61.edu.pe\/wp-content\/uploads\/2023\/06\/MG_0651-300x200.jpg 300w, https:\/\/cetprofeyalegria61.edu.pe\/wp-content\/uploads\/2023\/06\/MG_0651-1024x683.jpg 1024w, https:\/\/cetprofeyalegria61.edu.pe\/wp-content\/uploads\/2023\/06\/MG_0651-768x512.jpg 768w, https:\/\/cetprofeyalegria61.edu.pe\/wp-content\/uploads\/2023\/06\/MG_0651-1536x1024.jpg 1536w, https:\/\/cetprofeyalegria61.edu.pe\/wp-content\/uploads\/2023\/06\/MG_0651-2048x1365.jpg 2048w\" sizes=\"(max-width: 300px) 100vw, 300px\" \/>\t\t\t\t\t\t\t\t\t\t\t\t\t\t\t<\/div>\n\t\t\t\t<\/div>\n\t\t\t\t<div class=\"elementor-element elementor-element-c027662 elementor-widget elementor-widget-image\" data-id=\"c027662\" data-element_type=\"widget\" data-widget_type=\"image.default\">\n\t\t\t\t<div class=\"elementor-widget-container\">\n\t\t\t\t\t\t\t\t\t\t\t\t\t\t\t<img decoding=\"async\" width=\"768\" height=\"512\" src=\"https:\/\/cetprofeyalegria61.edu.pe\/wp-content\/uploads\/2024\/08\/2-1-768x512.jpg\" class=\"attachment-medium_large size-medium_large wp-image-762\" alt=\"\" srcset=\"https:\/\/cetprofeyalegria61.edu.pe\/wp-content\/uploads\/2024\/08\/2-1-768x512.jpg 768w, https:\/\/cetprofeyalegria61.edu.pe\/wp-content\/uploads\/2024\/08\/2-1-300x200.jpg 300w, https:\/\/cetprofeyalegria61.edu.pe\/wp-content\/uploads\/2024\/08\/2-1-1024x683.jpg 1024w, https:\/\/cetprofeyalegria61.edu.pe\/wp-content\/uploads\/2024\/08\/2-1-1536x1024.jpg 1536w, https:\/\/cetprofeyalegria61.edu.pe\/wp-content\/uploads\/2024\/08\/2-1-2048x1366.jpg 2048w\" sizes=\"(max-width: 768px) 100vw, 768px\" \/>\t\t\t\t\t\t\t\t\t\t\t\t\t\t\t<\/div>\n\t\t\t\t<\/div>\n\t\t\t\t\t<\/div>\n\t\t<\/div>\n\t\t\t\t<div class=\"elementor-column elementor-col-50 elementor-top-column elementor-element elementor-element-ae073b6\" data-id=\"ae073b6\" data-element_type=\"column\">\n\t\t\t<div class=\"elementor-widget-wrap elementor-element-populated\">\n\t\t\t\t\t\t\t\t<div class=\"elementor-element elementor-element-ec3adc5 elementor-widget elementor-widget-heading\" data-id=\"ec3adc5\" data-element_type=\"widget\" data-widget_type=\"heading.default\">\n\t\t\t\t<div class=\"elementor-widget-container\">\n\t\t\t<style>\/*! elementor - v3.18.0 - 08-12-2023 *\/\n.elementor-heading-title{padding:0;margin:0;line-height:1}.elementor-widget-heading .elementor-heading-title[class*=elementor-size-]>a{color:inherit;font-size:inherit;line-height:inherit}.elementor-widget-heading .elementor-heading-title.elementor-size-small{font-size:15px}.elementor-widget-heading .elementor-heading-title.elementor-size-medium{font-size:19px}.elementor-widget-heading .elementor-heading-title.elementor-size-large{font-size:29px}.elementor-widget-heading .elementor-heading-title.elementor-size-xl{font-size:39px}.elementor-widget-heading .elementor-heading-title.elementor-size-xxl{font-size:59px}<\/style><h2 class=\"elementor-heading-title elementor-size-xl\">NUESTRA HISTORIA<\/h2>\t\t<\/div>\n\t\t\t\t<\/div>\n\t\t\t\t<div class=\"elementor-element elementor-element-520359df elementor-widget elementor-widget-text-editor\" data-id=\"520359df\" data-element_type=\"widget\" data-widget_type=\"text-editor.default\">\n\t\t\t\t<div class=\"elementor-widget-container\">\n\t\t\t<style>\/*! elementor - v3.18.0 - 08-12-2023 *\/\n.elementor-widget-text-editor.elementor-drop-cap-view-stacked .elementor-drop-cap{background-color:#69727d;color:#fff}.elementor-widget-text-editor.elementor-drop-cap-view-framed .elementor-drop-cap{color:#69727d;border:3px solid;background-color:transparent}.elementor-widget-text-editor:not(.elementor-drop-cap-view-default) .elementor-drop-cap{margin-top:8px}.elementor-widget-text-editor:not(.elementor-drop-cap-view-default) .elementor-drop-cap-letter{width:1em;height:1em}.elementor-widget-text-editor .elementor-drop-cap{float:left;text-align:center;line-height:1;font-size:50px}.elementor-widget-text-editor .elementor-drop-cap-letter{display:inline-block}<\/style>\t\t\t\t<p class=\"CDt4Ke zfr3Q\" dir=\"ltr\"><span style=\"color: #000000;\">Se inici\u00f3 la obra educativa en Lima, dirigida por la congregaci\u00f3n de religiosas \u00bb Esclavas del Sagrado Coraz\u00f3n de Jes\u00fas\u00bb. La obra educativa de las Religiosas Esclavas del Sagrado Coraz\u00f3n de Jes\u00fas, cuya fundadora es Santa Rafaela Mar\u00eda del Sagrado Coraz\u00f3n de Jes\u00fas, se inicia en Arequipa-Per\u00fa el a\u00f1o 1922, atendiendo primero un colegio gratuito para ni\u00f1as y luego la Normal \u00abRegina Mundi\u00bb y la Universidad \u00abSanta Mar\u00eda\u00bb. En el a\u00f1o 1961, a pedido del Ministerio de Educaci\u00f3n, las religiosas se hacen cargo del Instituto Superior pedag\u00f3gico \u00abNuestra Se\u00f1ora de Chota\u00bb.<\/span><br \/><span style=\"color: #000000;\">En julio de 1977, se autoriza el funcionamiento del CENECAPE \u00bb SANTA RAFAELA MARIA\u00bb las j\u00f3venes que habiendo terminado secundaria no pueden acceder a estudios universitarios, tienen en el CENECAPE, la oportunidad de lograr con matr\u00edcula y pensi\u00f3n gratuita una capacitaci\u00f3n t\u00e9cnica en solo nueve meses, la misma que ser\u00e1 respaldada por un certificado oficial. <\/span><br \/><span style=\"color: #000000;\">En el a\u00f1o 1992 se adecua el CENECAPE \u00abSanta Rafaela Mar\u00eda\u00bb a Centro de Educaci\u00f3n Ocupacional. En el a\u00f1o 2003, el CEO se traslada a Villa el Salvador pasando a formar parte del movimiento Fe y Alegr\u00eda constituy\u00e9ndose en el Centro N\u00b0 61 de dicha organizaci\u00f3n y ofreciendo las especialidades de Modister\u00eda B\u00e1sica, Actualizada y Perfeccionamiento, Patronaje Industrial, Operatividad de M\u00e1quinas de Coser, Dise\u00f1o de Modas, Cocina y Reposter\u00eda, Auxiliar de Enfermer\u00eda, hasta el a\u00f1o 2004 en que se ampli\u00f3 la oferta educativa con la especialidad de Computaci\u00f3n e Inform\u00e1tica.<\/span><br \/><span style=\"color: #000000;\">Desde el a\u00f1o 2006 se ofrece tambi\u00e9n Arte Textil y Manualidades, Est\u00e9tica Personal y Electricidad y Electr\u00f3nica. En el a\u00f1o 2008 se aprueba la conversi\u00f3n del Centro Educativo Ocupacional (C.E.O) a Centro de Educaci\u00f3n T\u00e9cnico Productiva (CETPRO). La Educaci\u00f3n T\u00e9cnico-Productiva es una forma de educaci\u00f3n orientada a la adquisici\u00f3n y desarrollo de competencias laborales y empresariales en una perspectiva de desarrollo sostenible, competitivo y humano, as\u00ed como a la promoci\u00f3n de la cultura innovadora que responda a la demanda del sector productivo y a los avances de la tecnolog\u00eda, del desarrollo local, regional y nacional, as\u00ed como a las necesidades educativas de los estudiantes en sus respectivos entornos. Hasta la fecha se sigue brindando una formaci\u00f3n integral a las personas que acuden al CETPRO en las diferentes \u00e1reas ocupacionales, valorando la riqueza de cada uno de tal modo que logren el crecimiento arm\u00f3nico para vivir a plenitud y al servicio de la comunidad.<\/span><br \/><span style=\"color: #000000;\">El a\u00f1o 2011 se inicia el I.E.S.T.P en la carrera de Producci\u00f3n de Confecci\u00f3n Textil, con T\u00edtulo a nombre de la naci\u00f3n.<\/span><\/p>\t\t\t\t\t\t<\/div>\n\t\t\t\t<\/div>\n\t\t\t\t\t<\/div>\n\t\t<\/div>\n\t\t\t\t\t\t\t<\/div>\n\t\t<\/section>\n\t\t\t\t<section class=\"elementor-section elementor-top-section elementor-element elementor-element-a7a85e4 elementor-section-full_width elementor-section-height-default elementor-section-height-default\" data-id=\"a7a85e4\" data-element_type=\"section\" data-settings=\"{&quot;background_background&quot;:&quot;classic&quot;}\">\n\t\t\t\t\t\t<div class=\"elementor-container elementor-column-gap-default\">\n\t\t\t\t\t<div class=\"elementor-column elementor-col-25 elementor-top-column elementor-element elementor-element-2260811\" data-id=\"2260811\" data-element_type=\"column\">\n\t\t\t<div class=\"elementor-widget-wrap elementor-element-populated\">\n\t\t\t\t\t\t\t\t<div class=\"elementor-element elementor-element-bb0b057 elementor-widget elementor-widget-heading\" data-id=\"bb0b057\" data-element_type=\"widget\" data-widget_type=\"heading.default\">\n\t\t\t\t<div class=\"elementor-widget-container\">\n\t\t\t<h2 class=\"elementor-heading-title elementor-size-default\">\u00bfQUI\u00c9NES SOMOS?<\/h2>\t\t<\/div>\n\t\t\t\t<\/div>\n\t\t\t\t<div class=\"elementor-element elementor-element-b3cc9e2 elementor-widget elementor-widget-text-editor\" data-id=\"b3cc9e2\" data-element_type=\"widget\" data-widget_type=\"text-editor.default\">\n\t\t\t\t<div class=\"elementor-widget-container\">\n\t\t\t\t\t\t\t<p><span style=\"color: #ffffff;\"><strong><span style=\"font-family: arial, helvetica, sans-serif; font-size: 10pt;\">Somos una Instituci\u00f3n que brinda formaci\u00f3n integral en especialidades a personas vulnerables con habilidades emprendedoras, ofreciendo una educaci\u00f3n de calidad y en valores.<\/span><\/strong><\/span><\/p>\t\t\t\t\t\t<\/div>\n\t\t\t\t<\/div>\n\t\t\t\t\t<\/div>\n\t\t<\/div>\n\t\t\t\t<div class=\"elementor-column elementor-col-25 elementor-top-column elementor-element elementor-element-7417c1e\" data-id=\"7417c1e\" data-element_type=\"column\">\n\t\t\t<div class=\"elementor-widget-wrap elementor-element-populated\">\n\t\t\t\t\t\t\t\t<div class=\"elementor-element elementor-element-8cf07e6 elementor-widget elementor-widget-heading\" data-id=\"8cf07e6\" data-element_type=\"widget\" data-widget_type=\"heading.default\">\n\t\t\t\t<div class=\"elementor-widget-container\">\n\t\t\t<h2 class=\"elementor-heading-title elementor-size-default\">SEDE INSTITUCIONAL\n<\/h2>\t\t<\/div>\n\t\t\t\t<\/div>\n\t\t\t\t<div class=\"elementor-element elementor-element-531571c elementor-widget elementor-widget-text-editor\" data-id=\"531571c\" data-element_type=\"widget\" data-widget_type=\"text-editor.default\">\n\t\t\t\t<div class=\"elementor-widget-container\">\n\t\t\t\t\t\t\t<p><strong><span style=\"color: #ffffff; font-family: arial, helvetica, sans-serif; font-size: 10pt;\">CETPRO FE Y ALEGRIA N\u00ba 61-SANTA MAR\u00cdA RAFAELA<\/span><\/strong><br><strong><span style=\"color: #ffffff; font-family: arial, helvetica, sans-serif; font-size: 10pt;\">Av. Revoluci\u00f3n sector 3 grupo 15 \/ V.E.S. <\/span><\/strong><span style=\"font-weight: bold;\"><span style=\"color: #ffffff; font-family: arial, helvetica, sans-serif; font-size: 10pt;\">https:\/\/cetprofeyalegria61.edu.pe<\/span><\/span><br><span style=\"color: #ffffff; font-family: arial, helvetica, sans-serif;\"><span style=\"font-size: 13.3333px;\"><b>Tel\u00e9fono: 932316680<\/b><\/span><\/span><\/p>\t\t\t\t\t\t<\/div>\n\t\t\t\t<\/div>\n\t\t\t\t\t<\/div>\n\t\t<\/div>\n\t\t\t\t<div class=\"elementor-column elementor-col-25 elementor-top-column elementor-element elementor-element-ef64697\" data-id=\"ef64697\" data-element_type=\"column\">\n\t\t\t<div class=\"elementor-widget-wrap elementor-element-populated\">\n\t\t\t\t\t\t\t\t<div class=\"elementor-element elementor-element-785a866 elementor-widget elementor-widget-heading\" data-id=\"785a866\" data-element_type=\"widget\" data-widget_type=\"heading.default\">\n\t\t\t\t<div class=\"elementor-widget-container\">\n\t\t\t<h2 class=\"elementor-heading-title elementor-size-default\">CONT\u00c1CTENOS\n<\/h2>\t\t<\/div>\n\t\t\t\t<\/div>\n\t\t\t\t<div class=\"elementor-element elementor-element-212395a elementor-widget elementor-widget-text-editor\" data-id=\"212395a\" data-element_type=\"widget\" data-widget_type=\"text-editor.default\">\n\t\t\t\t<div class=\"elementor-widget-container\">\n\t\t\t\t\t\t\t<p><span style=\"color: #ffffff;\"><strong><span style=\"font-family: arial, helvetica, sans-serif; font-size: 10pt;\">TORRES TORRES ROSAURA AURORA<\/span><\/strong><\/span><br \/><span style=\"color: #ffffff;\"><strong><span style=\"font-family: arial, helvetica, sans-serif; font-size: 10pt;\">Correo: rtorres@cetprofeyalegria61.edu.pe<\/span><\/strong><\/span><br \/><span style=\"color: #ffffff;\"><strong><span style=\"font-family: arial, helvetica, sans-serif; font-size: 10pt;\">Tel\u00e9fono: 994454392<\/span><\/strong><\/span><\/p>\t\t\t\t\t\t<\/div>\n\t\t\t\t<\/div>\n\t\t\t\t\t<\/div>\n\t\t<\/div>\n\t\t\t\t<div class=\"elementor-column elementor-col-25 elementor-top-column elementor-element elementor-element-8f8c322\" data-id=\"8f8c322\" data-element_type=\"column\">\n\t\t\t<div class=\"elementor-widget-wrap elementor-element-populated\">\n\t\t\t\t\t\t\t\t<div class=\"elementor-element elementor-element-4d08aa7 elementor-widget elementor-widget-image\" data-id=\"4d08aa7\" data-element_type=\"widget\" data-widget_type=\"image.default\">\n\t\t\t\t<div class=\"elementor-widget-container\">\n\t\t\t\t\t\t\t\t\t\t\t\t\t\t\t<img loading=\"lazy\" decoding=\"async\" width=\"148\" height=\"172\" src=\"https:\/\/cetprofeyalegria61.edu.pe\/wp-content\/uploads\/2022\/01\/geg.png\" class=\"attachment-large size-large wp-image-70\" alt=\"\" \/>\t\t\t\t\t\t\t\t\t\t\t\t\t\t\t<\/div>\n\t\t\t\t<\/div>\n\t\t\t\t\t<\/div>\n\t\t<\/div>\n\t\t\t\t\t\t\t<\/div>\n\t\t<\/section>\n\t\t\t\t\t\t\t<\/div>\n\t\t","protected":false},"excerpt":{"rendered":"<p>NUESTRA HISTORIA Se inici\u00f3 la obra educativa en Lima, dirigida por la congregaci\u00f3n de religiosas \u00bb Esclavas del Sagrado Coraz\u00f3n de Jes\u00fas\u00bb. La obra educativa de las Religiosas Esclavas del Sagrado Coraz\u00f3n de Jes\u00fas, cuya fundadora es Santa Rafaela Mar\u00eda del Sagrado Coraz\u00f3n de Jes\u00fas, se inicia en Arequipa-Per\u00fa el a\u00f1o 1922, atendiendo primero un &hellip;<\/p>\n<p class=\"read-more\"> <a class=\"\" href=\"https:\/\/cetprofeyalegria61.edu.pe\/index.php\/nosotros\/\"> <span class=\"screen-reader-text\">Quienes somos<\/span> Read More &raquo;<\/a><\/p>\n","protected":false},"author":1,"featured_media":0,"parent":0,"menu_order":0,"comment_status":"closed","ping_status":"closed","template":"","meta":{"site-sidebar-layout":"no-sidebar","site-content-layout":"page-builder","ast-main-header-display":"","ast-hfb-above-header-display":"","ast-hfb-below-header-display":"","ast-hfb-mobile-header-display":"","site-post-title":"disabled","ast-breadcrumbs-content":"","ast-featured-img":"disabled","footer-sml-layout":"","theme-transparent-header-meta":"","adv-header-id-meta":"","stick-header-meta":"","header-above-stick-meta":"","header-main-stick-meta":"","header-below-stick-meta":"","footnotes":""},"class_list":["post-83","page","type-page","status-publish","hentry"],"_links":{"self":[{"href":"https:\/\/cetprofeyalegria61.edu.pe\/index.php\/wp-json\/wp\/v2\/pages\/83","targetHints":{"allow":["GET"]}}],"collection":[{"href":"https:\/\/cetprofeyalegria61.edu.pe\/index.php\/wp-json\/wp\/v2\/pages"}],"about":[{"href":"https:\/\/cetprofeyalegria61.edu.pe\/index.php\/wp-json\/wp\/v2\/types\/page"}],"author":[{"embeddable":true,"href":"https:\/\/cetprofeyalegria61.edu.pe\/index.php\/wp-json\/wp\/v2\/users\/1"}],"replies":[{"embeddable":true,"href":"https:\/\/cetprofeyalegria61.edu.pe\/index.php\/wp-json\/wp\/v2\/comments?post=83"}],"version-history":[{"count":47,"href":"https:\/\/cetprofeyalegria61.edu.pe\/index.php\/wp-json\/wp\/v2\/pages\/83\/revisions"}],"predecessor-version":[{"id":933,"href":"https:\/\/cetprofeyalegria61.edu.pe\/index.php\/wp-json\/wp\/v2\/pages\/83\/revisions\/933"}],"wp:attachment":[{"href":"https:\/\/cetprofeyalegria61.edu.pe\/index.php\/wp-json\/wp\/v2\/media?parent=83"}],"curies":[{"name":"wp","href":"https:\/\/api.w.org\/{rel}","templated":true}]}}